{"id":9507,"date":"2015-10-30T10:04:56","date_gmt":"2015-10-30T09:04:56","guid":{"rendered":"https:\/\/xativaturismo.com\/val\/contacto\/"},"modified":"2024-07-04T19:40:33","modified_gmt":"2024-07-04T17:40:33","slug":"contacte","status":"publish","type":"page","link":"https:\/\/xativaturismo.com\/val\/contacte\/","title":{"rendered":"Contacte"},"content":{"rendered":"<div class=\"wpb-content-wrapper\">[mk_page_section bg_image=&#8221;https:\/\/xativaturismo.com\/wp-content\/uploads\/2015\/10\/nocturnas-26.jpg&#8221; attachment=&#8221;fixed&#8221; bg_position=&#8221;center center&#8221; bg_stretch=&#8221;true&#8221; video_color_mask=&#8221;#020202&#8243; video_opacity=&#8221;0.4&#8243; min_height=&#8221;0&#8243; full_height=&#8221;true&#8221; el_class=&#8221;sombras&#8221; sidebar=&#8221;sidebar-1&#8243;][vc_column][vc_message css=&#8221;&#8221;]<strong>AGOST<\/strong><br \/>\n<strong>Els dies 1, 15 i 19 d&#8217;agost, l&#8217;oficina romandr\u00e0 oberta de 10 a 14 hores.<\/strong>[\/vc_message][mk_padding_divider visibility=&#8221;visible-sm&#8221;][mk_fancy_title color=&#8221;#cecece&#8221; size=&#8221;30&#8243; font_weight=&#8221;bold&#8221; txt_transform=&#8221;uppercase&#8221; margin_bottom=&#8221;0&#8243; font_family=&#8221;Open+Sans&#8221; font_type=&#8221;google&#8221; align=&#8221;center&#8221;]<span style=\"font-weight: 400;\">OFICINA D&#8217;INFORMACI\u00d3 TUR\u00cdSTICA<\/span>[\/mk_fancy_title][mk_divider style=&#8221;thin_solid&#8221; divider_width=&#8221;custom_width&#8221; custom_width=&#8221;30&#8243; thickness=&#8221;3&#8243; margin_top=&#8221;0&#8243;][mk_fancy_title tag_name=&#8221;h4&#8243; color=&#8221;#cecece&#8221; size=&#8221;18&#8243; font_weight=&#8221;300&#8243; font_family=&#8221;Open+Sans&#8221; font_type=&#8221;google&#8221;]\n<p style=\"text-align: center;\">Av. de Selgas, 2 <em style=\"font-size: 13px;\">(junt a la Font del Lle\u00f3)<\/em><br \/>\n46800 X\u00e0tiva<br \/>\nTel. 96 227 33 46<br \/>\nEmail: \u00a0oficinaturisme@xativa.es<\/p>\n[\/mk_fancy_title][mk_fancy_title tag_name=&#8221;h5&#8243; color=&#8221;#c1c1c1&#8243; font_weight=&#8221;400&#8243; font_family=&#8221;Open+Sans&#8221; font_type=&#8221;google&#8221;]\n<p style=\"text-align: center;\">HORARI D&#8217;ATENCI\u00d3 AL P\u00daBLIC<br \/>\nDe dimarts a dijous: de 10 a 17 h.<br \/>\nDivendres: de 10 a 18 h.<br \/>\nDissabtes, diumenges i festius: de 10 a 14 h.<\/p>\n<p style=\"text-align: center;\">Dilluns tancat.<\/p>\n[\/mk_fancy_title][vc_row_inner css=&#8221;.vc_custom_1446204495409{padding-top: 0px !important;padding-right: 0px !important;padding-bottom: 0px !important;padding-left: 0px !important;}&#8221;][vc_column_inner width=&#8221;1\/2&#8243; offset=&#8221;vc_col-lg-3 vc_hidden-md vc_hidden-sm vc_col-xs-12 vc_hidden-xs&#8221;][\/vc_column_inner][vc_column_inner width=&#8221;1\/2&#8243; offset=&#8221;vc_col-lg-3 vc_col-xs-12&#8243;][mk_button dimension=&#8221;outline&#8221; corner_style=&#8221;rounded&#8221; size=&#8221;large&#8221; url=&#8221;#map&#8221; align=&#8221;center&#8221; outline_skin=&#8221;light&#8221;]VEURE MAPA[\/mk_button][\/vc_column_inner][vc_column_inner width=&#8221;1\/2&#8243; offset=&#8221;vc_col-lg-3 vc_col-xs-12&#8243;][mk_button dimension=&#8221;outline&#8221; corner_style=&#8221;rounded&#8221; size=&#8221;large&#8221; url=&#8221;#msg&#8221; align=&#8221;center&#8221; outline_skin=&#8221;light&#8221;]ENVIAR MISSATGE[\/mk_button][\/vc_column_inner][vc_column_inner width=&#8221;1\/2&#8243; offset=&#8221;vc_col-lg-3 vc_hidden-md vc_hidden-sm vc_col-xs-12 vc_hidden-xs&#8221;][\/vc_column_inner][\/vc_row_inner][mk_padding_divider size=&#8221;49&#8243;][\/vc_column][\/mk_page_section][mk_page_section bg_image=&#8221;https:\/\/xativaturismo.com\/wp-content\/uploads\/2015\/12\/3.png&#8221; bg_color=&#8221;#0a2e56&#8243; full_height=&#8221;true&#8221; padding_bottom=&#8221;60&#8243; section_id=&#8221;msg&#8221; predefined_bg=&#8221;3&#8243; sidebar=&#8221;sidebar-1&#8243;][vc_column][mk_padding_divider visibility=&#8221;visible-sm&#8221;][mk_fancy_title color=&#8221;#cecece&#8221; size=&#8221;30&#8243; font_weight=&#8221;bold&#8221; txt_transform=&#8221;uppercase&#8221; margin_bottom=&#8221;0&#8243; font_family=&#8221;Open+Sans&#8221; font_type=&#8221;google&#8221; align=&#8221;center&#8221;]\n<p style=\"text-align: center;\">ESCRIU-NOS<\/p>\n[\/mk_fancy_title][mk_divider style=&#8221;thin_solid&#8221; divider_width=&#8221;custom_width&#8221; custom_width=&#8221;30&#8243; thickness=&#8221;3&#8243; margin_top=&#8221;0&#8243;][vc_row_inner][vc_column_inner width=&#8221;1\/4&#8243;][\/vc_column_inner][vc_column_inner width=&#8221;1\/2&#8243;][vc_column_text align=&#8221;center&#8221; margin_bottom=&#8221;30&#8243;]\n<p style=\"text-align: center;\">Si tens algun dubte, o vols consultar-nos qualsevol cosa, t&#8217;ho posem f\u00e0cil! Posem al teu abast un servici perqu\u00e8 ens preguntes tot el que t&#8217;interesse saber.<\/p>\n[\/vc_column_text][\/vc_column_inner][vc_column_inner width=&#8221;1\/4&#8243;][\/vc_column_inner][\/vc_row_inner][vc_row_inner el_class=&#8221;ctc-form&#8221;][vc_column_inner offset=&#8221;vc_col-lg-2 vc_col-md-2 vc_hidden-sm vc_hidden-xs&#8221;][\/vc_column_inner][vc_column_inner offset=&#8221;vc_col-lg-8&#8243;][mk_contact_form skin=&#8221;light&#8221; email=&#8221;oficinaturisme@xativa.es&#8221; gdpr_consent_text=&#8221;Accepte la pol\u00edtica de privacitat d&#8217;aquesta p\u00e0gina web. <em>M\u00e9s informaci\u00f3 al peu de p\u00e0gina.<\/em>&#8221; captcha=&#8221;false&#8221;][\/vc_column_inner][vc_column_inner offset=&#8221;vc_col-lg-2 vc_col-md-2 vc_hidden-sm vc_hidden-xs&#8221;][\/vc_column_inner][\/vc_row_inner][\/vc_column][\/mk_page_section][mk_page_section bg_position=&#8221;center center&#8221; min_height=&#8221;0&#8243; full_width=&#8221;true&#8221; padding_top=&#8221;0&#8243; padding_bottom=&#8221;0&#8243; section_id=&#8221;map&#8221; sidebar=&#8221;sidebar-1&#8243;][vc_column][mk_advanced_gmaps latitude=&#8221;38.9900507&#8243; longitude=&#8221;-0.5192544&#8243; address=&#8221;OFICINA D&#8217;INFORMACI\u00d3 TUR\u00cdSTICA&#8221; pin_icon=&#8221;https:\/\/xativaturismo.com\/wp-content\/uploads\/2015\/11\/map-marker-icon6-Custom.png&#8221; content_font_color=&#8221;#ffffff&#8221; map_height=&#8221;full&#8221; map_zoom=&#8221;16&#8243; draggable=&#8221;false&#8221; modify_json=&#8221;true&#8221; map_json=&#8221;JTVCJTdCJTIyc3R5bGVycyUyMiUzQSU1QiU3QiUyMmh1ZSUyMiUzQSUyMiUyM2ZmMWEwMCUyMiU3RCUyQyU3QiUyMmludmVydF9saWdodG5lc3MlMjIlM0F0cnVlJTdEJTJDJTdCJTIyc2F0dXJhdGlvbiUyMiUzQS0xMDAlN0QlMkMlN0IlMjJsaWdodG5lc3MlMjIlM0EzMyU3RCUyQyU3QiUyMmdhbW1hJTIyJTNBMC41JTdEJTVEJTdEJTJDJTdCJTIyZmVhdHVyZVR5cGUlMjIlM0ElMjJ3YXRlciUyMiUyQyUyMmVsZW1lbnRUeXBlJTIyJTNBJTIyZ2VvbWV0cnklMjIlMkMlMjJzdHlsZXJzJTIyJTNBJTVCJTdCJTIyY29sb3IlMjIlM0ElMjIlMjMyRDMzM0MlMjIlN0QlNUQlN0QlNUQ=&#8221; zoom=&#8221;16&#8243;][\/vc_column][\/mk_page_section][mk_page_section bg_color=&#8221;#000000&#8243; min_height=&#8221;50&#8243; padding_top=&#8221;0&#8243; padding_bottom=&#8221;0&#8243; sidebar=&#8221;sidebar-1&#8243;][vc_column][\/vc_column][\/mk_page_section]\n<\/div>","protected":false},"excerpt":{"rendered":"<p>[mk_page_section bg_image=&#8221;https:\/\/xativaturismo.com\/wp-content\/uploads\/2015\/10\/nocturnas-26.jpg&#8221; attachment=&#8221;fixed&#8221; bg_position=&#8221;center center&#8221; bg_stretch=&#8221;true&#8221; video_color_mask=&#8221;#020202&#8243; video_opacity=&#8221;0.4&#8243; min_height=&#8221;0&#8243; full_height=&#8221;true&#8221; el_class=&#8221;sombras&#8221; sidebar=&#8221;sidebar-1&#8243;][vc_column][vc_message css=&#8221;&#8221;]AGOST Els dies 1, 15 i 19 d&#8217;agost, l&#8217;oficina romandr\u00e0 oberta de 10 a 14 hores.[\/vc_message][mk_padding_divider visibility=&#8221;visible-sm&#8221;][mk_fancy_title color=&#8221;#cecece&#8221; [&hellip;]<\/p>\n","protected":false},"author":10,"featured_media":8509,"parent":0,"menu_order":1,"comment_status":"closed","ping_status":"closed","template":"","meta":{"_price":"","_stock":"","_tribe_ticket_header":"","_tribe_default_ticket_provider":"","_ticket_start_date":"","_ticket_end_date":"","_tribe_ticket_show_description":"","_tribe_ticket_show_not_going":false,"_tribe_ticket_use_global_stock":"","_tribe_ticket_global_stock_level":"","_global_stock_mode":"","_global_stock_cap":"","_tribe_rsvp_for_event":"","_tribe_ticket_going_count":"","_tribe_ticket_not_going_count":"","_tribe_tickets_list":"[]","_tribe_ticket_has_attendee_info_fields":false,"footnotes":""},"class_list":["post-9507","page","type-page","status-publish","has-post-thumbnail","hentry"],"yoast_head":"<!-- This site is optimized with the Yoast SEO plugin v27.0 - https:\/\/yoast.com\/product\/yoast-seo-wordpress\/ -->\n<title>Contacte - X\u00e0tiva Turisme<\/title>\n<meta name=\"description\" content=\"Contacte X\u00e0tiva Turisme, Oficina d&#039;Informaci\u00f3 Tur\u00edstica de X\u00e0tiva\" \/>\n<meta name=\"robots\" content=\"index, follow, max-snippet:-1, max-image-preview:large, max-video-preview:-1\" \/>\n<link rel=\"canonical\" href=\"https:\/\/xativaturismo.com\/val\/contacte\/\" \/>\n<meta property=\"og:locale\" content=\"ca_ES\" \/>\n<meta property=\"og:type\" content=\"article\" \/>\n<meta property=\"og:title\" content=\"Contacte\" \/>\n<meta property=\"og:description\" content=\"Contacte X\u00e0tiva Turisme, Oficina d&#039;Informaci\u00f3 Tur\u00edstica de X\u00e0tiva\" \/>\n<meta property=\"og:url\" content=\"https:\/\/xativaturismo.com\/val\/contacte\/\" \/>\n<meta property=\"og:site_name\" content=\"X\u00e0tiva Turismo\" \/>\n<meta property=\"article:publisher\" content=\"https:\/\/www.facebook.com\/XativaTurisme\" \/>\n<meta property=\"article:modified_time\" content=\"2024-07-04T17:40:33+00:00\" \/>\n<meta property=\"og:image\" content=\"https:\/\/xativaturismo.com\/wp-content\/uploads\/2016\/01\/chumbera-3-3.jpg\" \/>\n\t<meta property=\"og:image:width\" content=\"1598\" \/>\n\t<meta property=\"og:image:height\" content=\"906\" \/>\n\t<meta property=\"og:image:type\" content=\"image\/jpeg\" \/>\n<meta name=\"twitter:card\" content=\"summary_large_image\" \/>\n<meta name=\"twitter:title\" content=\"Contacte\" \/>\n<meta name=\"twitter:description\" content=\"Contacte X\u00e0tiva Turisme, Oficina d&#039;Informaci\u00f3 Tur\u00edstica de X\u00e0tiva\" \/>\n<meta name=\"twitter:image\" content=\"https:\/\/xativaturismo.com\/wp-content\/uploads\/2016\/01\/chumbera-3-3.jpg\" \/>\n<meta name=\"twitter:site\" content=\"@XativaTurisme\" \/>\n<meta name=\"twitter:label1\" content=\"Est. reading time\" \/>\n\t<meta name=\"twitter:data1\" content=\"2 minutes\" \/>\n<script type=\"application\/ld+json\" class=\"yoast-schema-graph\">{\"@context\":\"https:\/\/schema.org\",\"@graph\":[{\"@type\":\"WebPage\",\"@id\":\"https:\/\/xativaturismo.com\/val\/contacte\/\",\"url\":\"https:\/\/xativaturismo.com\/val\/contacte\/\",\"name\":\"Contacte - X\u00e0tiva Turisme\",\"isPartOf\":{\"@id\":\"https:\/\/xativaturismo.com\/#website\"},\"primaryImageOfPage\":{\"@id\":\"https:\/\/xativaturismo.com\/val\/contacte\/#primaryimage\"},\"image\":{\"@id\":\"https:\/\/xativaturismo.com\/val\/contacte\/#primaryimage\"},\"thumbnailUrl\":\"https:\/\/xativaturismo.com\/wp-content\/uploads\/2016\/01\/chumbera-3-3.jpg\",\"datePublished\":\"2015-10-30T09:04:56+00:00\",\"dateModified\":\"2024-07-04T17:40:33+00:00\",\"description\":\"Contacte X\u00e0tiva Turisme, Oficina d'Informaci\u00f3 Tur\u00edstica de X\u00e0tiva\",\"breadcrumb\":{\"@id\":\"https:\/\/xativaturismo.com\/val\/contacte\/#breadcrumb\"},\"inLanguage\":\"ca\",\"potentialAction\":[{\"@type\":\"ReadAction\",\"target\":[\"https:\/\/xativaturismo.com\/val\/contacte\/\"]}]},{\"@type\":\"ImageObject\",\"inLanguage\":\"ca\",\"@id\":\"https:\/\/xativaturismo.com\/val\/contacte\/#primaryimage\",\"url\":\"https:\/\/xativaturismo.com\/wp-content\/uploads\/2016\/01\/chumbera-3-3.jpg\",\"contentUrl\":\"https:\/\/xativaturismo.com\/wp-content\/uploads\/2016\/01\/chumbera-3-3.jpg\",\"width\":1598,\"height\":906,\"caption\":\"Contacte oficina de Turisme\"},{\"@type\":\"BreadcrumbList\",\"@id\":\"https:\/\/xativaturismo.com\/val\/contacte\/#breadcrumb\",\"itemListElement\":[{\"@type\":\"ListItem\",\"position\":1,\"name\":\"Portada\",\"item\":\"https:\/\/xativaturismo.com\/val\/inicio-copy-2\/\"},{\"@type\":\"ListItem\",\"position\":2,\"name\":\"Contacte\"}]},{\"@type\":\"WebSite\",\"@id\":\"https:\/\/xativaturismo.com\/#website\",\"url\":\"https:\/\/xativaturismo.com\/\",\"name\":\"X\u00e0tiva Turismo\",\"description\":\"Bienvenidos a la oficina de Turismo de X\u00e0tiva\",\"publisher\":{\"@id\":\"https:\/\/xativaturismo.com\/#organization\"},\"potentialAction\":[{\"@type\":\"SearchAction\",\"target\":{\"@type\":\"EntryPoint\",\"urlTemplate\":\"https:\/\/xativaturismo.com\/?s={search_term_string}\"},\"query-input\":{\"@type\":\"PropertyValueSpecification\",\"valueRequired\":true,\"valueName\":\"search_term_string\"}}],\"inLanguage\":\"ca\"},{\"@type\":\"Organization\",\"@id\":\"https:\/\/xativaturismo.com\/#organization\",\"name\":\"X\u00e0tiva Turismo\",\"url\":\"https:\/\/xativaturismo.com\/\",\"logo\":{\"@type\":\"ImageObject\",\"inLanguage\":\"ca\",\"@id\":\"https:\/\/xativaturismo.com\/#\/schema\/logo\/image\/\",\"url\":\"https:\/\/xativaturismo.com\/wp-content\/uploads\/2020\/10\/logo-lila512-2.png\",\"contentUrl\":\"https:\/\/xativaturismo.com\/wp-content\/uploads\/2020\/10\/logo-lila512-2.png\",\"width\":445,\"height\":512,\"caption\":\"X\u00e0tiva Turismo\"},\"image\":{\"@id\":\"https:\/\/xativaturismo.com\/#\/schema\/logo\/image\/\"},\"sameAs\":[\"https:\/\/www.facebook.com\/XativaTurisme\",\"https:\/\/x.com\/XativaTurisme\"]}]}<\/script>\n<!-- \/ Yoast SEO plugin. -->","yoast_head_json":{"title":"Contacte - X\u00e0tiva Turisme","description":"Contacte X\u00e0tiva Turisme, Oficina d'Informaci\u00f3 Tur\u00edstica de X\u00e0tiva","robots":{"index":"index","follow":"follow","max-snippet":"max-snippet:-1","max-image-preview":"max-image-preview:large","max-video-preview":"max-video-preview:-1"},"canonical":"https:\/\/xativaturismo.com\/val\/contacte\/","og_locale":"ca_ES","og_type":"article","og_title":"Contacte","og_description":"Contacte X\u00e0tiva Turisme, Oficina d'Informaci\u00f3 Tur\u00edstica de X\u00e0tiva","og_url":"https:\/\/xativaturismo.com\/val\/contacte\/","og_site_name":"X\u00e0tiva Turismo","article_publisher":"https:\/\/www.facebook.com\/XativaTurisme","article_modified_time":"2024-07-04T17:40:33+00:00","og_image":[{"width":1598,"height":906,"url":"https:\/\/xativaturismo.com\/wp-content\/uploads\/2016\/01\/chumbera-3-3.jpg","type":"image\/jpeg"}],"twitter_card":"summary_large_image","twitter_title":"Contacte","twitter_description":"Contacte X\u00e0tiva Turisme, Oficina d'Informaci\u00f3 Tur\u00edstica de X\u00e0tiva","twitter_image":"https:\/\/xativaturismo.com\/wp-content\/uploads\/2016\/01\/chumbera-3-3.jpg","twitter_site":"@XativaTurisme","twitter_misc":{"Est. reading time":"2 minutes"},"schema":{"@context":"https:\/\/schema.org","@graph":[{"@type":"WebPage","@id":"https:\/\/xativaturismo.com\/val\/contacte\/","url":"https:\/\/xativaturismo.com\/val\/contacte\/","name":"Contacte - X\u00e0tiva Turisme","isPartOf":{"@id":"https:\/\/xativaturismo.com\/#website"},"primaryImageOfPage":{"@id":"https:\/\/xativaturismo.com\/val\/contacte\/#primaryimage"},"image":{"@id":"https:\/\/xativaturismo.com\/val\/contacte\/#primaryimage"},"thumbnailUrl":"https:\/\/xativaturismo.com\/wp-content\/uploads\/2016\/01\/chumbera-3-3.jpg","datePublished":"2015-10-30T09:04:56+00:00","dateModified":"2024-07-04T17:40:33+00:00","description":"Contacte X\u00e0tiva Turisme, Oficina d'Informaci\u00f3 Tur\u00edstica de X\u00e0tiva","breadcrumb":{"@id":"https:\/\/xativaturismo.com\/val\/contacte\/#breadcrumb"},"inLanguage":"ca","potentialAction":[{"@type":"ReadAction","target":["https:\/\/xativaturismo.com\/val\/contacte\/"]}]},{"@type":"ImageObject","inLanguage":"ca","@id":"https:\/\/xativaturismo.com\/val\/contacte\/#primaryimage","url":"https:\/\/xativaturismo.com\/wp-content\/uploads\/2016\/01\/chumbera-3-3.jpg","contentUrl":"https:\/\/xativaturismo.com\/wp-content\/uploads\/2016\/01\/chumbera-3-3.jpg","width":1598,"height":906,"caption":"Contacte oficina de Turisme"},{"@type":"BreadcrumbList","@id":"https:\/\/xativaturismo.com\/val\/contacte\/#breadcrumb","itemListElement":[{"@type":"ListItem","position":1,"name":"Portada","item":"https:\/\/xativaturismo.com\/val\/inicio-copy-2\/"},{"@type":"ListItem","position":2,"name":"Contacte"}]},{"@type":"WebSite","@id":"https:\/\/xativaturismo.com\/#website","url":"https:\/\/xativaturismo.com\/","name":"X\u00e0tiva Turismo","description":"Bienvenidos a la oficina de Turismo de X\u00e0tiva","publisher":{"@id":"https:\/\/xativaturismo.com\/#organization"},"potentialAction":[{"@type":"SearchAction","target":{"@type":"EntryPoint","urlTemplate":"https:\/\/xativaturismo.com\/?s={search_term_string}"},"query-input":{"@type":"PropertyValueSpecification","valueRequired":true,"valueName":"search_term_string"}}],"inLanguage":"ca"},{"@type":"Organization","@id":"https:\/\/xativaturismo.com\/#organization","name":"X\u00e0tiva Turismo","url":"https:\/\/xativaturismo.com\/","logo":{"@type":"ImageObject","inLanguage":"ca","@id":"https:\/\/xativaturismo.com\/#\/schema\/logo\/image\/","url":"https:\/\/xativaturismo.com\/wp-content\/uploads\/2020\/10\/logo-lila512-2.png","contentUrl":"https:\/\/xativaturismo.com\/wp-content\/uploads\/2020\/10\/logo-lila512-2.png","width":445,"height":512,"caption":"X\u00e0tiva Turismo"},"image":{"@id":"https:\/\/xativaturismo.com\/#\/schema\/logo\/image\/"},"sameAs":["https:\/\/www.facebook.com\/XativaTurisme","https:\/\/x.com\/XativaTurisme"]}]}},"_links":{"self":[{"href":"https:\/\/xativaturismo.com\/val\/wp-json\/wp\/v2\/pages\/9507","targetHints":{"allow":["GET"]}}],"collection":[{"href":"https:\/\/xativaturismo.com\/val\/wp-json\/wp\/v2\/pages"}],"about":[{"href":"https:\/\/xativaturismo.com\/val\/wp-json\/wp\/v2\/types\/page"}],"author":[{"embeddable":true,"href":"https:\/\/xativaturismo.com\/val\/wp-json\/wp\/v2\/users\/10"}],"replies":[{"embeddable":true,"href":"https:\/\/xativaturismo.com\/val\/wp-json\/wp\/v2\/comments?post=9507"}],"version-history":[{"count":0,"href":"https:\/\/xativaturismo.com\/val\/wp-json\/wp\/v2\/pages\/9507\/revisions"}],"wp:featuredmedia":[{"embeddable":true,"href":"https:\/\/xativaturismo.com\/val\/wp-json\/wp\/v2\/media\/8509"}],"wp:attachment":[{"href":"https:\/\/xativaturismo.com\/val\/wp-json\/wp\/v2\/media?parent=9507"}],"curies":[{"name":"wp","href":"https:\/\/api.w.org\/{rel}","templated":true}]}}