{"id":247646,"date":"2022-10-20T09:53:46","date_gmt":"2022-10-20T07:53:46","guid":{"rendered":"https:\/\/xativaturismo.com\/?page_id=247646"},"modified":"2022-10-20T09:59:48","modified_gmt":"2022-10-20T07:59:48","slug":"concurs-instagram-fira-borja","status":"publish","type":"page","link":"https:\/\/xativaturismo.com\/val\/concurs-instagram-fira-borja\/","title":{"rendered":"Concurs Instagram Fira Borja"},"content":{"rendered":"<div class=\"wpb-content-wrapper\">[vc_row][vc_column][vc_separator color=&#8221;juicy_pink&#8221;][\/vc_column][vc_column width=&#8221;1\/2&#8243;][vc_single_image image=&#8221;247653&#8243; img_size=&#8221;medium&#8221; alignment=&#8221;center&#8221; onclick=&#8221;custom_link&#8221; title=&#8221;Restaurants i men\u00fas&#8221; link=&#8221;https:\/\/xativaturismo.com\/wp-content\/uploads\/2022\/10\/restaurants-i-menus-fira-borja.pdf&#8221;][\/vc_column][vc_column width=&#8221;1\/2&#8243;][vc_column_text css=&#8221;.vc_custom_1666252311171{margin-bottom: 0px !important;}&#8221;]<strong>BASES LEGALS<\/strong><\/p>\n<ol>\n<li><strong> Organitzador<\/strong><\/li>\n<\/ol>\n<p>L&#8217;entitat organitzadora d&#8217;aquest sorteig \u00e9s l\u2019 AJUNTAMENT DE X\u00c0TIVA \u2013 REGIDORIA DE TURISME, amb domicili social a \u00a0Albereda Jaume I, 35, 46800 X\u00e0tiva.<\/p>\n<ol start=\"2\">\n<li><strong> Finalitat <\/strong><\/li>\n<\/ol>\n<p>La finalitat d&#8217;aquest sorteig \u00e9s premiar la fidelitat dels SEGUIDORS del compte de X\u00e0tivaTurisme a INSTAGRAM (@xativa_turisme) i fer difusi\u00f3 de la FIRA BORJA 2022.<\/p>\n<p>Nom\u00e9s tindr\u00e0 lloc a trav\u00e9s del compte d\u2019Instagram de X\u00e0tiva Turisme i sota el compliment de les presents bases legals.[\/vc_column_text][\/vc_column][\/vc_row][vc_row][vc_column][vc_column_text css=&#8221;.vc_custom_1666252671495{margin-bottom: 0px !important;}&#8221;]\n<ol start=\"3\">\n<li><strong> Requisits de participaci\u00f3<\/strong><\/li>\n<\/ol>\n<p>Els participants han de ser seguidors del compte @xativa_turisme d\u2019Instagram.<\/p>\n<p>Caldr\u00e0 que publiquin un comentari a les publicacions identificades amb el text \u201cCONCURS FIRA BORJA 2022. Viu la tardor a X\u00e0tiva!\u201d incloent:<\/p>\n<ul>\n<li>Identificaci\u00f3 del lloc de la imatge inclosa en la publicaci\u00f3n.<\/li>\n<li>La menci\u00f3 (@) de dos perfils amics\/seguidors del participant.<\/li>\n<\/ul>\n<ol start=\"4\">\n<li><strong> \u00c0mbit temporal<\/strong><\/li>\n<\/ol>\n<p>Aquest sorteig comen\u00e7ar\u00e0 el dia 20\/10\/2022 i finalitzar\u00e0 el 23\/10\/2022, a les 20 hores. En aquests dies es publicaran continguts a les 14 hores i a les 20 hores.<\/p>\n<p>Posteriorment X\u00e0tiva Turisme contactar\u00e0 per missatge privat a Instagram amb els\/les guanyadors\/es, els quals hauran de respondre i facilitar els requeriments en un termini de 24 hores.<\/p>\n<p>Els\/les guanyadors\/es podran gaudir del premi durant la Fira Borja, des del 28\/10\/2022 fins a l\u201901\/11\/2022.<\/p>\n<ol start=\"5\">\n<li><strong> Participants<\/strong><\/li>\n<\/ol>\n<p>Poden participar-hi de forma gratu\u00efta i volunt\u00e0ria, els residents a Espanya (tret de Ceuta, Melilla i Illes Can\u00e0ries) majors de 18 anys, registrats pr\u00e8viament a la xarxa social amb un \u00fanic usuari real i que segueixin X\u00e0tiva Turisme.<\/p>\n<p>Hauran de participar activament al sorteig segons la mec\u00e0nica disposada en aquest document.<\/p>\n<p>No podran participar en aquest sorteig els treballadors de l\u2019Ajuntament de X\u00e0tiva ni col\u00b7laboradors directes o indirectes que hagin intervingut en la promoci\u00f3 o en la impressi\u00f3 dels materials corresponents a aquests, aix\u00ed com els seus familiars en primer grau.<\/p>\n<p>Si es produ\u00eds aquesta circumst\u00e0ncia, X\u00e0tiva Turisme descartar\u00e0 de forma autom\u00e0tica aquestes participacions. X\u00e0tiva Turisme no es fa responsable de la veracitat de les dades facilitades pels participants ni de no poder contactar amb els participants i\/o guanyadors\/es si les dades facilitades no s\u00f3n correctes o tenen errors.<\/p>\n<p>Aquesta promoci\u00f3 pret\u00e9n que la competici\u00f3 entre els diferents participants es faci amb igualtat d\u2019oportunitats i amb estricte respecte a les normes de la bona fe. Per aquest motiu, X\u00e0tiva Turisme es reserva el dret a excloure autom\u00e0ticament i immediatament d&#8217;aquesta qualsevol participant que transgredeixi les normes de la bona fe, observi una conducta de falsedat o inadequada, empri mitjans fraudulents o incompleixi aquestes Bases en qualsevol dels seus extrems.<\/p>\n<p>En cas que les irregularitats es detectin amb posterioritat al lliurament efectiu d&#8217;algun dels premis, l\u2019Ajuntament de X\u00e0tiva es reserva el dret d&#8217;exercitar les accions legals pertinents contra el seu autor\/a o responsable, entre d&#8217;altres, les tendents a la devoluci\u00f3 dels premis.<\/p>\n<ol start=\"6\">\n<li><strong> Premis<\/strong><\/li>\n<\/ol>\n<p>Un total de 5 premis.<\/p>\n<p>Cada premi inclou:<\/p>\n<ul>\n<li>\u00c0pat (dinar o sopar, a triar pel guanyador\/a) de \u201cMen\u00fa Borja\u201d per a 2 persones en un dels restaurants participants.<\/li>\n<li>Visita guiada amb tricicle el\u00e8ctric per la ciutat per a 2 persones.<\/li>\n<\/ul>\n<p>Els\/les guanyadors\/es podran gaudir del premi durant la Fira Borja, des del 28\/10\/2022 fins a l\u201901\/11\/2022.<\/p>\n<p>Consultar els \u201cMen\u00fas Borja\u201d de cada restaurant al final del document (Annex I).<\/p>\n<ol start=\"7\">\n<li><strong> Mec\u00e0nica d&#8217;adjudicaci\u00f3 de premis<\/strong><\/li>\n<\/ol>\n<p>L\u2019adjudicaci\u00f3 de premis del concurs \u00e9s amb un format de sorteig aleatori.<\/p>\n<p>El guanyador\/a autoritza que el seu nom d\u2019usuari a la xarxa social sigui publicat a les xarxes socials de X\u00e0tiva Turisme.<\/p>\n<p>Els guanyadors\/es seran avisats mitjan\u00e7ant un comentari en alguna de les publicacions del sorteig i\/o mitjan\u00e7ant missatge directe. Si el guanyador\/a incompl\u00eds les normes d&#8217;aquest sorteig o no pogu\u00e9s ser localitzat\/da dins dels terminis d&#8217;aquestes bases, el premi que li hagu\u00e9s de correspondre, quedaria desert.<\/p>\n<ol start=\"8\">\n<li><strong> Contacte amb el guanyador\/a<\/strong><\/li>\n<\/ol>\n<p>Els guanyadors\/es seran contactats mitjan\u00e7ant un comentari en algun dels <em>feeds<\/em> del sorteig i\/o mitjan\u00e7ant un missatge privat a Instagram.<\/p>\n<p>Si, transcorregut el termini estipulat, X\u00e0tiva Turisme no obt\u00e9 resposta per part del \/ de la guanyador\/a, l\u2019organitzador pot declarar desert el premi concret.<\/p>\n<ol start=\"9\">\n<li><strong> Establiments participants<\/strong><\/li>\n<\/ol>\n<p><strong>\u00a0<\/strong><strong>Restaurants:<\/strong><\/p>\n<p><strong>\u00a0<\/strong>Bless. C. Botigues 2. Tel. 600 415 912<\/p>\n<p>Ca Conxa. Pl. Bassa 10. 96 227 33 44 \/ 699 343 445<\/p>\n<p>Canela y Clavo. Albereda Jaume I, 64. 96 228 24 26<\/p>\n<p>El Carmen. Avda. de la Murta 3. 96 227 75 80<\/p>\n<p>El Cullerot. Pl. Mercat 10. 960 834 438<\/p>\n<p>El Moncho. Avda. de Selgas 5. 96 227 14 41 \/ 670 373 601<\/p>\n<p>Els Porxes. Pl. Mercat 34. 96 050 92 02 \/ 617 409 523<\/p>\n<p>Ganesh. Portal del Lle\u00f3 9. 644 720 098<\/p>\n<p>La Borda de Lola. C. la Reina 13. 96 070 72 77<\/p>\n<p>La Talaia del Castell. Castell de X\u00e0tiva. Tel. 96 102 90 93<\/p>\n<p>Terrasa de Sant Josep. Pujada del Castell. 96 228 79 56 \/ 636 568 650<\/p>\n<p>Mel de Romer. C. La Reina 60. 960 08 01 07<\/p>\n<p>Mes\u00f3n Origen. C. Corretgeria 5. 643 518 450<\/p>\n<p>Montsant. Carretera del Castell s\/n. 96 227 50 81<\/p>\n<p>Parador La Nit. C. Padre Claret 16. 96 227 19 24<\/p>\n<p>Pizzer\u00eda Il Padrino Due. C. Montcada 15. 96 227 68 23<\/p>\n<p>Public Mercat. C. Botigues 1-3. 96 220 44 50 \/ 667 914 712<\/p>\n<p>Taberna Carpanel. C. Sant Francesc 38. 96 228 15 85<\/p>\n<p>Taberna Kubaba. C. Botigues 4. 625 909 743<\/p>\n<p>T\u00edpics Alameda. Baixada de l&#8217;Estaci\u00f3 14. 96 227 45 31.<\/p>\n<p><strong>Ecotricicle:<\/strong><\/p>\n<p>Calma Eco. Font del Lle\u00f3. 676 984 494.<\/p>\n<ol start=\"10\">\n<li><strong> Divulgaci\u00f3 d&#8217;Instagram<\/strong><\/li>\n<\/ol>\n<p>La xarxa social no patrocina, avala ni administra de cap manera aquesta promoci\u00f3, ni hi est\u00e0 associat. L&#8217;usuari es desvincula totalment d\u2019Instagram, i \u00e9s conscient que proporciona la seva informaci\u00f3 a X\u00e0tiva Turisme i no a xarxa social.<\/p>\n<p>La informaci\u00f3 que es proporcioni nom\u00e9s s&#8217;utilitzar\u00e0 per tramitar la participaci\u00f3 del participant i per comunicar-li el premi en cas que resulti guanyador.<\/p>\n<ol start=\"11\">\n<li><strong> Fiscalitat<\/strong><\/li>\n<\/ol>\n<p>La celebraci\u00f3 del previst sorteig, aix\u00ed com la concessi\u00f3 del premi queden subjectes a la normativa fiscal vigent.<\/p>\n<ol start=\"12\">\n<li><strong> Acceptaci\u00f3 de les bases<\/strong><\/li>\n<\/ol>\n<p>La simple participaci\u00f3 implica l&#8217;acceptaci\u00f3 d&#8217;aquestes bases en la seva totalitat, per aix\u00f2 la manifestaci\u00f3, en el sentit de no acceptaci\u00f3 de les mateixes, implicar\u00e0 l&#8217;exclusi\u00f3 del participant i, com a conseq\u00fc\u00e8ncia, X\u00e0tiva Turisme quedar\u00e0 alliberada del compliment de l&#8217;obligaci\u00f3 contreta amb aquest participant.<\/p>\n<p>En acceptar el premi, el guanyador assumeix totes les despeses en qu\u00e8 incorri, excepte les que expressament estiguin incloses en la promoci\u00f3 en q\u00fcesti\u00f3, aix\u00ed com la responsabilitat que es pugui derivar de la recollida i utilitzaci\u00f3 del premi. En aquest sentit, el guanyador ser\u00e0 responsable de tots els impostos meritats o despeses que no s&#8217;esmenten espec\u00edficament en aquestes bases.<\/p>\n<ol start=\"13\">\n<li><strong> Drets de la propietat intel\u00b7lectual<\/strong><\/li>\n<\/ol>\n<p>X\u00e0tiva Turisme es reserva el dret d&#8217;usar els noms i les imatges dels participants guanyadors, aix\u00ed com de tots els participants a efectes de la seva utilitzaci\u00f3 en fins publicitaris en els mitjans que consideri oportuns i sense necessitat de notificaci\u00f3 expl\u00edcita.<\/p>\n<ol start=\"14\">\n<li><strong> Llei aplicable i tribunals competents<\/strong><\/li>\n<\/ol>\n<p>La llei aplicable al present sorteig promocional \u00e9s la llei espanyola, i els jutjats competents per con\u00e8ixer de qualsevol conflicte o controv\u00e8rsia s\u00f3n els jutjats de la ciutat de X\u00e0tiva.<\/p>\n<ol start=\"15\">\n<li><strong> Altres consideracions<\/strong><\/li>\n<\/ol>\n<p>El\/la participant no haur\u00e0 d&#8217;incloure comentaris que atemptin o siguin susceptibles d&#8217;atemptar contra la moral, l&#8217;\u00e8tica, el bon gust o el dec\u00f2rum, ni que infringeixin, violin o conculquin els drets de propietat intel\u00b7lectual o industrial, i hem d&#8217;advertir de les conseq\u00fc\u00e8ncies i responsabilitats en qu\u00e8 pot inc\u00f3rrer si en fa un \u00fas il\u00b7l\u00edcit o fraudulent.<\/p>\n<p>X\u00e0tiva Turisme actuar\u00e0 immediatament davant una den\u00fancia o una sospita que puguin estar produint-se infraccions dels drets de propietat intel\u00b7lectual, o davant de qualsevol contingut que pugui considerar-se inadequat i procedir\u00e0 a eliminar-ho immediatament, podent sol\u00b7licitar el bloqueig permanent de l&#8217;usuari\/a infractor\/a.<\/p>\n<p>L\u2019Ajuntament de X\u00e0tiva declina tota responsabilitat sobre les conseq\u00fc\u00e8ncies que l&#8217;exhibici\u00f3 volunt\u00e0ria, consentida i deliberada per part de l&#8217;usuari\/\u00e0ria dels seus comentaris puguin comportar-li a si mateix, a la seva fam\u00edlia, amistats i\/o amics, o a terceres persones, o de la seua difusi\u00f3 o exhibici\u00f3 per part seva o per tercers, o la seva reproducci\u00f3, fins i tot en altres p\u00e0gines web, blocs, xarxes socials o en qualsevol altre mitj\u00e0, suport o modalitat d\u2019explotaci\u00f3 digital o no, online o offline, tenint en compte que tant la publicaci\u00f3 de comentaris o la inserci\u00f3 d&#8217;il\u00b7lustracions i textos, com ara la seva divulgaci\u00f3 o difusi\u00f3 a tercers, s\u00f3n totalment volunt\u00e0ries, consentides i no sol\u00b7licitades.<\/p>\n<p>Per tant, el\/la participant respondr\u00e0 directament, mantenint a l\u2019Ajuntament de X\u00e0tiva indemne, davant de qualsevol reclamaci\u00f3, queixa o demanda de tercers en relaci\u00f3 a la vulneraci\u00f3 o infracci\u00f3 dels possibles drets que poguessin derivar-se dels textos o materials que un usuari\/\u00e0ria hi hagi publicat.[\/vc_column_text][\/vc_column][\/vc_row]\n<\/div>","protected":false},"excerpt":{"rendered":"<p>[vc_row][vc_column][vc_separator color=&#8221;juicy_pink&#8221;][\/vc_column][vc_column width=&#8221;1\/2&#8243;][vc_single_image image=&#8221;247653&#8243; img_size=&#8221;medium&#8221; alignment=&#8221;center&#8221; onclick=&#8221;custom_link&#8221; title=&#8221;Restaurants i men\u00fas&#8221; link=&#8221;https:\/\/xativaturismo.com\/wp-content\/uploads\/2022\/10\/restaurants-i-menus-fira-borja.pdf&#8221;][\/vc_column][vc_column width=&#8221;1\/2&#8243;][vc_column_text css=&#8221;.vc_custom_1666252311171{margin-bottom: 0px !important;}&#8221;]BASES LEGALS Organitzador L&#8217;entitat organitzadora d&#8217;aquest sorteig \u00e9s l\u2019 AJUNTAMENT DE X\u00c0TIVA \u2013 REGIDORIA DE TURISME, [&hellip;]<\/p>\n","protected":false},"author":10,"featured_media":0,"parent":0,"menu_order":0,"comment_status":"closed","ping_status":"closed","template":"","meta":{"_price":"","_stock":"","_tribe_ticket_header":"","_tribe_default_ticket_provider":"","_ticket_start_date":"","_ticket_end_date":"","_tribe_ticket_show_description":"","_tribe_ticket_show_not_going":false,"_tribe_ticket_use_global_stock":"","_tribe_ticket_global_stock_level":"","_global_stock_mode":"","_global_stock_cap":"","_tribe_rsvp_for_event":"","_tribe_ticket_going_count":"","_tribe_ticket_not_going_count":"","_tribe_tickets_list":"[]","_tribe_ticket_has_attendee_info_fields":false,"footnotes":""},"class_list":["post-247646","page","type-page","status-publish","hentry"],"yoast_head":"<!-- This site is optimized with the Yoast SEO plugin v27.0 - https:\/\/yoast.com\/product\/yoast-seo-wordpress\/ -->\n<title>Concurs Instagram Fira Borja - X\u00e0tiva Turismo<\/title>\n<meta name=\"robots\" content=\"index, follow, max-snippet:-1, max-image-preview:large, max-video-preview:-1\" \/>\n<link rel=\"canonical\" href=\"https:\/\/xativaturismo.com\/val\/concurs-instagram-fira-borja\/\" \/>\n<meta property=\"og:locale\" content=\"ca_ES\" \/>\n<meta property=\"og:type\" content=\"article\" \/>\n<meta property=\"og:title\" content=\"Concurs Instagram Fira Borja - X\u00e0tiva Turismo\" \/>\n<meta property=\"og:description\" content=\"[vc_row][vc_column][vc_separator color=&#8221;juicy_pink&#8221;][\/vc_column][vc_column width=&#8221;1\/2&#8243;][vc_single_image image=&#8221;247653&#8243; img_size=&#8221;medium&#8221; alignment=&#8221;center&#8221; onclick=&#8221;custom_link&#8221; title=&#8221;Restaurants i men\u00fas&#8221; link=&#8221;https:\/\/xativaturismo.com\/wp-content\/uploads\/2022\/10\/restaurants-i-menus-fira-borja.pdf&#8221;][\/vc_column][vc_column width=&#8221;1\/2&#8243;][vc_column_text css=&#8221;.vc_custom_1666252311171{margin-bottom: 0px !important;}&#8221;]BASES LEGALS Organitzador L&#8217;entitat organitzadora d&#8217;aquest sorteig \u00e9s l\u2019 AJUNTAMENT DE X\u00c0TIVA \u2013 REGIDORIA DE TURISME, [&hellip;]\" \/>\n<meta property=\"og:url\" content=\"https:\/\/xativaturismo.com\/val\/concurs-instagram-fira-borja\/\" \/>\n<meta property=\"og:site_name\" content=\"X\u00e0tiva Turismo\" \/>\n<meta property=\"article:publisher\" content=\"https:\/\/www.facebook.com\/XativaTurisme\" \/>\n<meta property=\"article:modified_time\" content=\"2022-10-20T07:59:48+00:00\" \/>\n<meta property=\"og:image\" content=\"https:\/\/xativaturismo.com\/wp-content\/uploads\/2016\/01\/castell-menor-8.jpg\" \/>\n\t<meta property=\"og:image:width\" content=\"846\" \/>\n\t<meta property=\"og:image:height\" content=\"480\" \/>\n\t<meta property=\"og:image:type\" content=\"image\/jpeg\" \/>\n<meta name=\"twitter:card\" content=\"summary_large_image\" \/>\n<meta name=\"twitter:site\" content=\"@XativaTurisme\" \/>\n<meta name=\"twitter:label1\" content=\"Est. reading time\" \/>\n\t<meta name=\"twitter:data1\" content=\"7 minutes\" \/>\n<script type=\"application\/ld+json\" class=\"yoast-schema-graph\">{\"@context\":\"https:\/\/schema.org\",\"@graph\":[{\"@type\":\"WebPage\",\"@id\":\"https:\/\/xativaturismo.com\/val\/concurs-instagram-fira-borja\/\",\"url\":\"https:\/\/xativaturismo.com\/val\/concurs-instagram-fira-borja\/\",\"name\":\"Concurs Instagram Fira Borja - X\u00e0tiva Turismo\",\"isPartOf\":{\"@id\":\"https:\/\/xativaturismo.com\/#website\"},\"datePublished\":\"2022-10-20T07:53:46+00:00\",\"dateModified\":\"2022-10-20T07:59:48+00:00\",\"breadcrumb\":{\"@id\":\"https:\/\/xativaturismo.com\/val\/concurs-instagram-fira-borja\/#breadcrumb\"},\"inLanguage\":\"ca\",\"potentialAction\":[{\"@type\":\"ReadAction\",\"target\":[\"https:\/\/xativaturismo.com\/val\/concurs-instagram-fira-borja\/\"]}]},{\"@type\":\"BreadcrumbList\",\"@id\":\"https:\/\/xativaturismo.com\/val\/concurs-instagram-fira-borja\/#breadcrumb\",\"itemListElement\":[{\"@type\":\"ListItem\",\"position\":1,\"name\":\"Portada\",\"item\":\"https:\/\/xativaturismo.com\/val\/inicio-copy-2\/\"},{\"@type\":\"ListItem\",\"position\":2,\"name\":\"Concurs Instagram Fira Borja\"}]},{\"@type\":\"WebSite\",\"@id\":\"https:\/\/xativaturismo.com\/#website\",\"url\":\"https:\/\/xativaturismo.com\/\",\"name\":\"X\u00e0tiva Turismo\",\"description\":\"Bienvenidos a la oficina de Turismo de X\u00e0tiva\",\"publisher\":{\"@id\":\"https:\/\/xativaturismo.com\/#organization\"},\"potentialAction\":[{\"@type\":\"SearchAction\",\"target\":{\"@type\":\"EntryPoint\",\"urlTemplate\":\"https:\/\/xativaturismo.com\/?s={search_term_string}\"},\"query-input\":{\"@type\":\"PropertyValueSpecification\",\"valueRequired\":true,\"valueName\":\"search_term_string\"}}],\"inLanguage\":\"ca\"},{\"@type\":\"Organization\",\"@id\":\"https:\/\/xativaturismo.com\/#organization\",\"name\":\"X\u00e0tiva Turismo\",\"url\":\"https:\/\/xativaturismo.com\/\",\"logo\":{\"@type\":\"ImageObject\",\"inLanguage\":\"ca\",\"@id\":\"https:\/\/xativaturismo.com\/#\/schema\/logo\/image\/\",\"url\":\"https:\/\/xativaturismo.com\/wp-content\/uploads\/2020\/10\/logo-lila512-2.png\",\"contentUrl\":\"https:\/\/xativaturismo.com\/wp-content\/uploads\/2020\/10\/logo-lila512-2.png\",\"width\":445,\"height\":512,\"caption\":\"X\u00e0tiva Turismo\"},\"image\":{\"@id\":\"https:\/\/xativaturismo.com\/#\/schema\/logo\/image\/\"},\"sameAs\":[\"https:\/\/www.facebook.com\/XativaTurisme\",\"https:\/\/x.com\/XativaTurisme\"]}]}<\/script>\n<!-- \/ Yoast SEO plugin. -->","yoast_head_json":{"title":"Concurs Instagram Fira Borja - X\u00e0tiva Turismo","robots":{"index":"index","follow":"follow","max-snippet":"max-snippet:-1","max-image-preview":"max-image-preview:large","max-video-preview":"max-video-preview:-1"},"canonical":"https:\/\/xativaturismo.com\/val\/concurs-instagram-fira-borja\/","og_locale":"ca_ES","og_type":"article","og_title":"Concurs Instagram Fira Borja - X\u00e0tiva Turismo","og_description":"[vc_row][vc_column][vc_separator color=&#8221;juicy_pink&#8221;][\/vc_column][vc_column width=&#8221;1\/2&#8243;][vc_single_image image=&#8221;247653&#8243; img_size=&#8221;medium&#8221; alignment=&#8221;center&#8221; onclick=&#8221;custom_link&#8221; title=&#8221;Restaurants i men\u00fas&#8221; link=&#8221;https:\/\/xativaturismo.com\/wp-content\/uploads\/2022\/10\/restaurants-i-menus-fira-borja.pdf&#8221;][\/vc_column][vc_column width=&#8221;1\/2&#8243;][vc_column_text css=&#8221;.vc_custom_1666252311171{margin-bottom: 0px !important;}&#8221;]BASES LEGALS Organitzador L&#8217;entitat organitzadora d&#8217;aquest sorteig \u00e9s l\u2019 AJUNTAMENT DE X\u00c0TIVA \u2013 REGIDORIA DE TURISME, [&hellip;]","og_url":"https:\/\/xativaturismo.com\/val\/concurs-instagram-fira-borja\/","og_site_name":"X\u00e0tiva Turismo","article_publisher":"https:\/\/www.facebook.com\/XativaTurisme","article_modified_time":"2022-10-20T07:59:48+00:00","og_image":[{"width":846,"height":480,"url":"https:\/\/xativaturismo.com\/wp-content\/uploads\/2016\/01\/castell-menor-8.jpg","type":"image\/jpeg"}],"twitter_card":"summary_large_image","twitter_site":"@XativaTurisme","twitter_misc":{"Est. reading time":"7 minutes"},"schema":{"@context":"https:\/\/schema.org","@graph":[{"@type":"WebPage","@id":"https:\/\/xativaturismo.com\/val\/concurs-instagram-fira-borja\/","url":"https:\/\/xativaturismo.com\/val\/concurs-instagram-fira-borja\/","name":"Concurs Instagram Fira Borja - X\u00e0tiva Turismo","isPartOf":{"@id":"https:\/\/xativaturismo.com\/#website"},"datePublished":"2022-10-20T07:53:46+00:00","dateModified":"2022-10-20T07:59:48+00:00","breadcrumb":{"@id":"https:\/\/xativaturismo.com\/val\/concurs-instagram-fira-borja\/#breadcrumb"},"inLanguage":"ca","potentialAction":[{"@type":"ReadAction","target":["https:\/\/xativaturismo.com\/val\/concurs-instagram-fira-borja\/"]}]},{"@type":"BreadcrumbList","@id":"https:\/\/xativaturismo.com\/val\/concurs-instagram-fira-borja\/#breadcrumb","itemListElement":[{"@type":"ListItem","position":1,"name":"Portada","item":"https:\/\/xativaturismo.com\/val\/inicio-copy-2\/"},{"@type":"ListItem","position":2,"name":"Concurs Instagram Fira Borja"}]},{"@type":"WebSite","@id":"https:\/\/xativaturismo.com\/#website","url":"https:\/\/xativaturismo.com\/","name":"X\u00e0tiva Turismo","description":"Bienvenidos a la oficina de Turismo de X\u00e0tiva","publisher":{"@id":"https:\/\/xativaturismo.com\/#organization"},"potentialAction":[{"@type":"SearchAction","target":{"@type":"EntryPoint","urlTemplate":"https:\/\/xativaturismo.com\/?s={search_term_string}"},"query-input":{"@type":"PropertyValueSpecification","valueRequired":true,"valueName":"search_term_string"}}],"inLanguage":"ca"},{"@type":"Organization","@id":"https:\/\/xativaturismo.com\/#organization","name":"X\u00e0tiva Turismo","url":"https:\/\/xativaturismo.com\/","logo":{"@type":"ImageObject","inLanguage":"ca","@id":"https:\/\/xativaturismo.com\/#\/schema\/logo\/image\/","url":"https:\/\/xativaturismo.com\/wp-content\/uploads\/2020\/10\/logo-lila512-2.png","contentUrl":"https:\/\/xativaturismo.com\/wp-content\/uploads\/2020\/10\/logo-lila512-2.png","width":445,"height":512,"caption":"X\u00e0tiva Turismo"},"image":{"@id":"https:\/\/xativaturismo.com\/#\/schema\/logo\/image\/"},"sameAs":["https:\/\/www.facebook.com\/XativaTurisme","https:\/\/x.com\/XativaTurisme"]}]}},"_links":{"self":[{"href":"https:\/\/xativaturismo.com\/val\/wp-json\/wp\/v2\/pages\/247646","targetHints":{"allow":["GET"]}}],"collection":[{"href":"https:\/\/xativaturismo.com\/val\/wp-json\/wp\/v2\/pages"}],"about":[{"href":"https:\/\/xativaturismo.com\/val\/wp-json\/wp\/v2\/types\/page"}],"author":[{"embeddable":true,"href":"https:\/\/xativaturismo.com\/val\/wp-json\/wp\/v2\/users\/10"}],"replies":[{"embeddable":true,"href":"https:\/\/xativaturismo.com\/val\/wp-json\/wp\/v2\/comments?post=247646"}],"version-history":[{"count":0,"href":"https:\/\/xativaturismo.com\/val\/wp-json\/wp\/v2\/pages\/247646\/revisions"}],"wp:attachment":[{"href":"https:\/\/xativaturismo.com\/val\/wp-json\/wp\/v2\/media?parent=247646"}],"curies":[{"name":"wp","href":"https:\/\/api.w.org\/{rel}","templated":true}]}}