{"id":233244,"date":"2022-09-16T12:45:20","date_gmt":"2022-09-16T10:45:20","guid":{"rendered":"https:\/\/xativaturismo.com\/privacidad-app\/"},"modified":"2022-09-16T16:10:46","modified_gmt":"2022-09-16T14:10:46","slug":"privacidad-app","status":"publish","type":"page","link":"https:\/\/xativaturismo.com\/val\/privacidad-app\/","title":{"rendered":"Privacidad app"},"content":{"rendered":"<div class=\"wpb-content-wrapper\">[vc_row][vc_column][vc_column_text css=&#8221;.vc_custom_1663337433664{margin-bottom: 0px !important;}&#8221;]En compliment del Reglament (UE) 2016\/679, del Parlament Europeu i del Consell, de 27 d&#8217;abril de 2016, d&#8217;ara endavant RGPD, l&#8217;AJUNTAMENT DE X\u00c0TIVA posa de manifest aquesta pol\u00edtica de privadesa i de protecci\u00f3 de dades en relaci\u00f3 a les dades facilitades lliurement i volunt\u00e0riament pels usuaris i usu\u00e0ries:<\/p>\n<p><strong>Identitat i dades de contacte del responsable del tractament:<\/strong><br \/>\nAJUNTAMENT DE X\u00c0TIVA<br \/>\nCIF: P4614700E<br \/>\nAdre\u00e7a: Albereda Jaume I, 35,<br \/>\n46800 X\u00e0tiva.<br \/>\nTel\u00e8fon: 96 228 98 00<br \/>\nCorreu electr\u00f2nic: oxi@ayto-xativa.es<\/p>\n<p><strong>\u00c0mbit d&#8217;aplicaci\u00f3<\/strong><br \/>\nAquesta pol\u00edtica \u00e9s aplicable a les persones seg\u00fcents:<br \/>\n\u2013 Persones que usen l&#8217;aplicaci\u00f3 XATIVA TURISME GUIA OFICIAL als dispositius m\u00f2bils.<\/p>\n<p><strong>Quan fa servir l&#8217;APP els permisos d&#8217;ubicaci\u00f3 del dispositiu?<\/strong><br \/>\nEn utilitzar l&#8217;aplicaci\u00f3 fem servir la ubicaci\u00f3 del dispositiu per gestionar l&#8217;usuari en relaci\u00f3 amb els punts d&#8217;inter\u00e8s que recomanem visitar. Aquesta funcionalitat permet informar l&#8217;usuari de la dist\u00e0ncia relativa a qu\u00e8 es troben. Tamb\u00e9 permet a l&#8217;usuari con\u00e8ixer la dist\u00e0ncia relativa (de m\u00e9s a prop a m\u00e9s lluny) de tots els llocs d&#8217;inter\u00e8s que es troben a la destinaci\u00f3 tur\u00edstica.<\/p>\n<p><strong>\u00das en segon pla d&#8217;ubicaci\u00f3<\/strong><br \/>\nAmb l&#8217;objectiu de millorar l&#8217;experi\u00e8ncia de la visita, l&#8217;APP facilita mitjan\u00e7ant l&#8217;\u00fas de la tecnologia GPS orientar el recorregut pels carrers de la ciutat amb un sistema de notificacions per proximitat a punts d&#8217;inter\u00e8s (POI). Aquesta funci\u00f3 pot estar activada quan l&#8217;aplicaci\u00f3 est\u00e0 tancada i funciona en segon pla. Es pot desactivar des del men\u00fa inferior \u201cConfiguraci\u00f3\u201d desactivant l&#8217;opci\u00f3 \u201cNotificacions de proximitat\u201d.<br \/>\nAquesta funcionalitat permet als usuaris que passegen per la ciutat saber que s\u00f3n a prop d&#8217;un punt d&#8217;inter\u00e8s per visitar sense l&#8217;obligaci\u00f3 de cercar el contingut a l&#8217;aplicaci\u00f3.<\/p>\n<p><strong>\u00das en segon pla de notificacions<\/strong><br \/>\nAquests avisos apareixeran al terminals dels usuaris de vegades especials, per comunicar informacions d&#8217;inter\u00e8s com ara: inauguraci\u00f3 de festes, exposicions, etc. Es mostraran en format text al m\u00f2bil i contindran un enlla\u00e7 en una vista de web dins de la pr\u00f2pia aplicaci\u00f3.<\/p>\n<p><strong>Finalitats del tractament i base legal<\/strong><br \/>\nL&#8217;aplicaci\u00f3 nom\u00e9s recull dades d&#8217;ubicaci\u00f3 de manera an\u00f2nima per utilitzar-les. En cap cas aquestes dades no s&#8217;incorporaran a cap fitxer amb la intenci\u00f3 de dur a terme un tractament de les dades o incorporar-les a cap base de dades amb la finalitat de fer comunicacions comercials.<\/p>\n<p><strong>Preguntes freq\u00fcents<\/strong><br \/>\nL&#8217;aplicaci\u00f3 compta amb una p\u00e0gina web d&#8217;ajuda on s&#8217;especifiquen totes les caracter\u00edstiques del sistema de geolocalitzaci\u00f3. https:\/\/xativaturismo.com\/app-ayuda\/<\/p>\n<p><strong>Data de publicaci\u00f3<\/strong><br \/>\nAquesta pol\u00edtica de privadesa ha estat publicada el 5 de setembre de 2022.[\/vc_column_text][\/vc_column][\/vc_row]\n<\/div>","protected":false},"excerpt":{"rendered":"<p>[vc_row][vc_column][vc_column_text css=&#8221;.vc_custom_1663337433664{margin-bottom: 0px !important;}&#8221;]En compliment del Reglament (UE) 2016\/679, del Parlament Europeu i del Consell, de 27 d&#8217;abril de 2016, d&#8217;ara endavant RGPD, l&#8217;AJUNTAMENT DE X\u00c0TIVA posa de manifest aquesta [&hellip;]<\/p>\n","protected":false},"author":10,"featured_media":0,"parent":0,"menu_order":0,"comment_status":"closed","ping_status":"closed","template":"","meta":{"_price":"","_stock":"","_tribe_ticket_header":"","_tribe_default_ticket_provider":"","_ticket_start_date":"","_ticket_end_date":"","_tribe_ticket_show_description":"","_tribe_ticket_show_not_going":false,"_tribe_ticket_use_global_stock":"","_tribe_ticket_global_stock_level":"","_global_stock_mode":"","_global_stock_cap":"","_tribe_rsvp_for_event":"","_tribe_ticket_going_count":"","_tribe_ticket_not_going_count":"","_tribe_tickets_list":"[]","_tribe_ticket_has_attendee_info_fields":false,"footnotes":""},"class_list":["post-233244","page","type-page","status-publish","hentry"],"yoast_head":"<!-- This site is optimized with the Yoast SEO plugin v27.0 - https:\/\/yoast.com\/product\/yoast-seo-wordpress\/ -->\n<title>Privacidad app - X\u00e0tiva Turismo<\/title>\n<meta name=\"robots\" content=\"index, follow, max-snippet:-1, max-image-preview:large, max-video-preview:-1\" \/>\n<link rel=\"canonical\" href=\"https:\/\/xativaturismo.com\/val\/privacidad-app\/\" \/>\n<meta property=\"og:locale\" content=\"ca_ES\" \/>\n<meta property=\"og:type\" content=\"article\" \/>\n<meta property=\"og:title\" content=\"Privacidad app - X\u00e0tiva Turismo\" \/>\n<meta property=\"og:description\" content=\"[vc_row][vc_column][vc_column_text css=&#8221;.vc_custom_1663337433664{margin-bottom: 0px !important;}&#8221;]En compliment del Reglament (UE) 2016\/679, del Parlament Europeu i del Consell, de 27 d&#8217;abril de 2016, d&#8217;ara endavant RGPD, l&#8217;AJUNTAMENT DE X\u00c0TIVA posa de manifest aquesta [&hellip;]\" \/>\n<meta property=\"og:url\" content=\"https:\/\/xativaturismo.com\/val\/privacidad-app\/\" \/>\n<meta property=\"og:site_name\" content=\"X\u00e0tiva Turismo\" \/>\n<meta property=\"article:publisher\" content=\"https:\/\/www.facebook.com\/XativaTurisme\" \/>\n<meta property=\"article:modified_time\" content=\"2022-09-16T14:10:46+00:00\" \/>\n<meta property=\"og:image\" content=\"https:\/\/xativaturismo.com\/wp-content\/uploads\/2016\/01\/castell-menor-8.jpg\" \/>\n\t<meta property=\"og:image:width\" content=\"846\" \/>\n\t<meta property=\"og:image:height\" content=\"480\" \/>\n\t<meta property=\"og:image:type\" content=\"image\/jpeg\" \/>\n<meta name=\"twitter:card\" content=\"summary_large_image\" \/>\n<meta name=\"twitter:site\" content=\"@XativaTurisme\" \/>\n<meta name=\"twitter:label1\" content=\"Est. reading time\" \/>\n\t<meta name=\"twitter:data1\" content=\"2 minutes\" \/>\n<script type=\"application\/ld+json\" class=\"yoast-schema-graph\">{\"@context\":\"https:\/\/schema.org\",\"@graph\":[{\"@type\":\"WebPage\",\"@id\":\"https:\/\/xativaturismo.com\/val\/privacidad-app\/\",\"url\":\"https:\/\/xativaturismo.com\/val\/privacidad-app\/\",\"name\":\"Privacidad app - X\u00e0tiva Turismo\",\"isPartOf\":{\"@id\":\"https:\/\/xativaturismo.com\/#website\"},\"datePublished\":\"2022-09-16T10:45:20+00:00\",\"dateModified\":\"2022-09-16T14:10:46+00:00\",\"breadcrumb\":{\"@id\":\"https:\/\/xativaturismo.com\/val\/privacidad-app\/#breadcrumb\"},\"inLanguage\":\"ca\",\"potentialAction\":[{\"@type\":\"ReadAction\",\"target\":[\"https:\/\/xativaturismo.com\/val\/privacidad-app\/\"]}]},{\"@type\":\"BreadcrumbList\",\"@id\":\"https:\/\/xativaturismo.com\/val\/privacidad-app\/#breadcrumb\",\"itemListElement\":[{\"@type\":\"ListItem\",\"position\":1,\"name\":\"Portada\",\"item\":\"https:\/\/xativaturismo.com\/val\/\"},{\"@type\":\"ListItem\",\"position\":2,\"name\":\"Privacidad app\"}]},{\"@type\":\"WebSite\",\"@id\":\"https:\/\/xativaturismo.com\/#website\",\"url\":\"https:\/\/xativaturismo.com\/\",\"name\":\"X\u00e0tiva Turismo\",\"description\":\"Bienvenidos a la oficina de Turismo de X\u00e0tiva\",\"publisher\":{\"@id\":\"https:\/\/xativaturismo.com\/#organization\"},\"potentialAction\":[{\"@type\":\"SearchAction\",\"target\":{\"@type\":\"EntryPoint\",\"urlTemplate\":\"https:\/\/xativaturismo.com\/?s={search_term_string}\"},\"query-input\":{\"@type\":\"PropertyValueSpecification\",\"valueRequired\":true,\"valueName\":\"search_term_string\"}}],\"inLanguage\":\"ca\"},{\"@type\":\"Organization\",\"@id\":\"https:\/\/xativaturismo.com\/#organization\",\"name\":\"X\u00e0tiva Turismo\",\"url\":\"https:\/\/xativaturismo.com\/\",\"logo\":{\"@type\":\"ImageObject\",\"inLanguage\":\"ca\",\"@id\":\"https:\/\/xativaturismo.com\/#\/schema\/logo\/image\/\",\"url\":\"https:\/\/xativaturismo.com\/wp-content\/uploads\/2020\/10\/logo-lila512-2.png\",\"contentUrl\":\"https:\/\/xativaturismo.com\/wp-content\/uploads\/2020\/10\/logo-lila512-2.png\",\"width\":445,\"height\":512,\"caption\":\"X\u00e0tiva Turismo\"},\"image\":{\"@id\":\"https:\/\/xativaturismo.com\/#\/schema\/logo\/image\/\"},\"sameAs\":[\"https:\/\/www.facebook.com\/XativaTurisme\",\"https:\/\/x.com\/XativaTurisme\"]}]}<\/script>\n<!-- \/ Yoast SEO plugin. -->","yoast_head_json":{"title":"Privacidad app - X\u00e0tiva Turismo","robots":{"index":"index","follow":"follow","max-snippet":"max-snippet:-1","max-image-preview":"max-image-preview:large","max-video-preview":"max-video-preview:-1"},"canonical":"https:\/\/xativaturismo.com\/val\/privacidad-app\/","og_locale":"ca_ES","og_type":"article","og_title":"Privacidad app - X\u00e0tiva Turismo","og_description":"[vc_row][vc_column][vc_column_text css=&#8221;.vc_custom_1663337433664{margin-bottom: 0px !important;}&#8221;]En compliment del Reglament (UE) 2016\/679, del Parlament Europeu i del Consell, de 27 d&#8217;abril de 2016, d&#8217;ara endavant RGPD, l&#8217;AJUNTAMENT DE X\u00c0TIVA posa de manifest aquesta [&hellip;]","og_url":"https:\/\/xativaturismo.com\/val\/privacidad-app\/","og_site_name":"X\u00e0tiva Turismo","article_publisher":"https:\/\/www.facebook.com\/XativaTurisme","article_modified_time":"2022-09-16T14:10:46+00:00","og_image":[{"width":846,"height":480,"url":"https:\/\/xativaturismo.com\/wp-content\/uploads\/2016\/01\/castell-menor-8.jpg","type":"image\/jpeg"}],"twitter_card":"summary_large_image","twitter_site":"@XativaTurisme","twitter_misc":{"Est. reading time":"2 minutes"},"schema":{"@context":"https:\/\/schema.org","@graph":[{"@type":"WebPage","@id":"https:\/\/xativaturismo.com\/val\/privacidad-app\/","url":"https:\/\/xativaturismo.com\/val\/privacidad-app\/","name":"Privacidad app - X\u00e0tiva Turismo","isPartOf":{"@id":"https:\/\/xativaturismo.com\/#website"},"datePublished":"2022-09-16T10:45:20+00:00","dateModified":"2022-09-16T14:10:46+00:00","breadcrumb":{"@id":"https:\/\/xativaturismo.com\/val\/privacidad-app\/#breadcrumb"},"inLanguage":"ca","potentialAction":[{"@type":"ReadAction","target":["https:\/\/xativaturismo.com\/val\/privacidad-app\/"]}]},{"@type":"BreadcrumbList","@id":"https:\/\/xativaturismo.com\/val\/privacidad-app\/#breadcrumb","itemListElement":[{"@type":"ListItem","position":1,"name":"Portada","item":"https:\/\/xativaturismo.com\/val\/"},{"@type":"ListItem","position":2,"name":"Privacidad app"}]},{"@type":"WebSite","@id":"https:\/\/xativaturismo.com\/#website","url":"https:\/\/xativaturismo.com\/","name":"X\u00e0tiva Turismo","description":"Bienvenidos a la oficina de Turismo de X\u00e0tiva","publisher":{"@id":"https:\/\/xativaturismo.com\/#organization"},"potentialAction":[{"@type":"SearchAction","target":{"@type":"EntryPoint","urlTemplate":"https:\/\/xativaturismo.com\/?s={search_term_string}"},"query-input":{"@type":"PropertyValueSpecification","valueRequired":true,"valueName":"search_term_string"}}],"inLanguage":"ca"},{"@type":"Organization","@id":"https:\/\/xativaturismo.com\/#organization","name":"X\u00e0tiva Turismo","url":"https:\/\/xativaturismo.com\/","logo":{"@type":"ImageObject","inLanguage":"ca","@id":"https:\/\/xativaturismo.com\/#\/schema\/logo\/image\/","url":"https:\/\/xativaturismo.com\/wp-content\/uploads\/2020\/10\/logo-lila512-2.png","contentUrl":"https:\/\/xativaturismo.com\/wp-content\/uploads\/2020\/10\/logo-lila512-2.png","width":445,"height":512,"caption":"X\u00e0tiva Turismo"},"image":{"@id":"https:\/\/xativaturismo.com\/#\/schema\/logo\/image\/"},"sameAs":["https:\/\/www.facebook.com\/XativaTurisme","https:\/\/x.com\/XativaTurisme"]}]}},"_links":{"self":[{"href":"https:\/\/xativaturismo.com\/val\/wp-json\/wp\/v2\/pages\/233244","targetHints":{"allow":["GET"]}}],"collection":[{"href":"https:\/\/xativaturismo.com\/val\/wp-json\/wp\/v2\/pages"}],"about":[{"href":"https:\/\/xativaturismo.com\/val\/wp-json\/wp\/v2\/types\/page"}],"author":[{"embeddable":true,"href":"https:\/\/xativaturismo.com\/val\/wp-json\/wp\/v2\/users\/10"}],"replies":[{"embeddable":true,"href":"https:\/\/xativaturismo.com\/val\/wp-json\/wp\/v2\/comments?post=233244"}],"version-history":[{"count":0,"href":"https:\/\/xativaturismo.com\/val\/wp-json\/wp\/v2\/pages\/233244\/revisions"}],"wp:attachment":[{"href":"https:\/\/xativaturismo.com\/val\/wp-json\/wp\/v2\/media?parent=233244"}],"curies":[{"name":"wp","href":"https:\/\/api.w.org\/{rel}","templated":true}]}}